mmon divisor of 347 and 23?
1
What is the highest common factor of 405462 and 6?
6
What is the greatest common divisor of 38995 and 55?
55
What is the highest common divisor of 26628 and 2464?
28
Calculate the greatest common factor of 1208 and 642354.
302
What is the highest common factor of 4779 and 99887?
59
Calculate the greatest common factor of 202 and 146.
2
What is the highest common divisor of 2512366 and 134?
134
Calculate the highest common divisor of 778440 and 130.
130
Calculate the greatest common divisor of 317767 and 47.
47
Calculate the greatest common divisor of 10295 and 1189.
29
What is the highest common factor of 220330 and 110?
110
Calculate the greatest common factor of 41 and 549359.
41
What is the greatest common factor of 5381 and 1?
1
What is the greatest common factor of 207195 and 1140?
285
Calculate the highest common divisor of 934150 and 1050.
350
Calculate the highest common factor of 12088 and 296.
8
What is the highest common divisor of 154224 and 17?
17
What is the highest common factor of 623 and 3939229?
623
What is the highest common divisor of 180405 and 5700?
285
Calculate the greatest common divisor of 64 and 1822544.
16
What is the greatest common factor of 5 and 185245?
5
What is the highest common factor of 312608 and 32?
32
Calculate the greatest common factor of 341 and 29018.
11
What is the highest common divisor of 130 and 2012460?
10
What is the highest common factor of 953307 and 1971?
657
Calculate the highest common factor of 184096 and 2464.
352
Calculate the greatest common divisor of 65 and 43459.
13
Calculate the greatest common factor of 40304 and 352.
176
Calculate the greatest common factor of 2862 and 4583016.
954
Calculate the greatest common factor of 300057 and 54.
3
Calculate the greatest common divisor of 2432 and 121216.
128
What is the greatest common divisor of 123635 and 1975?
395
What is the highest common divisor of 114399 and 223?
223
What is the greatest common factor of 475 and 607525?
475
Calculate the greatest common factor of 168 and 42728.
56
What is the greatest common divisor of 120 and 324288?
24
Calculate the greatest common divisor of 1246221 and 9.
9
What is the highest common factor of 4 and 967168?
4
Calculate the highest common factor of 9104 and 592.
16
What is the highest common factor of 858 and 62114?
26
Calculate the highest common divisor of 2028741 and 858.
429
What is the highest common divisor of 40 and 93875?
5
Calculate the greatest common divisor of 57 and 2844338.
19
Calculate the greatest common factor of 157248 and 2240.
448
What is the greatest common factor of 36 and 3960?
36
What is the highest common factor of 6003 and 207?
207
What is the highest common factor of 1613706 and 12?
6
Calculate the greatest common factor of 6804 and 1638.
126
Calculate the highest common divisor of 162278 and 41.
41
Calculate the highest common factor of 14399 and 98252.
847
What is the greatest common factor of 86086 and 1778?
14
What is the greatest common factor of 77116 and 52?
52
Calculate the greatest common factor of 4074 and 202536.
582
What is the greatest common divisor of 85770 and 360?
90
Calculate the greatest common factor of 19000 and 32.
8
Calculate the greatest common factor of 16 and 751984.
16
Calculate the highest common divisor of 1200 and 5600.
400
What is the highest common divisor of 1120284 and 902?
902
What is the highest common divisor of 5 and 9305?
5
What is the highest common divisor of 1944120 and 3060?
1020
Calculate the greatest common divisor of 13558 and 14.
2
Calculate the highest common divisor of 720027 and 77.
77
Calculate the highest common divisor of 931456 and 171.
19
What is the highest common divisor of 13717 and 209?
11
What is the greatest common divisor of 192 and 11712?
192
Calculate the highest common divisor of 8492 and 1100.
44
What is the greatest common factor of 121 and 698654?
121
Calculate the highest common divisor of 99 and 44.
11
Calculate the highest common factor of 9909 and 171.
9
Calculate the greatest common divisor of 683921 and 1722.
287
What is the highest common divisor of 33 and 37543?
11
Calculate the greatest common divisor of 14638 and 2522.
26
Calculate the highest common factor of 1488 and 652488.
744
What is the highest common factor of 3912 and 4898802?
978
Calculate the highest common divisor of 134 and 215405.
67
Calculate the highest common divisor of 1085 and 1643.
31
Calculate the greatest common divisor of 187047 and 21.
21
Calculate the highest common factor of 20391 and 35.
7
Calculate the highest common factor of 67210 and 572.
286
What is the highest common divisor of 5890 and 34010?
190
Calculate the highest common divisor of 1472 and 7400.
8
What is the highest common factor of 63 and 13005594?
63
Calculate the highest common divisor of 6848 and 3317.
107
What is the greatest common divisor of 1610 and 20815?
115
What is the highest common divisor of 21560 and 7560?
280
What is the greatest common divisor of 1993782 and 2590?
518
What is the highest common divisor of 365875 and 625?
125
Calculate the highest common divisor of 9207 and 6831.
297
What is the highest common divisor of 3517676 and 1186?
1186
What is the highest common factor of 8478 and 34?
2
What is the highest common factor of 15239 and 11818?
311
What is the highest common divisor of 652 and 28?
4
Calculate the highest common factor of 192 and 660.
12
Calculate the greatest common factor of 11556 and 144.
36
Calculate the greatest common divisor of 27186 and 23.
23
What is the greatest common divisor of 242374 and 198?
22
Calculate the highest common factor of 18 and 30073698.
18
Calculate the highest common factor of 23607 and 202401.
387
What is the highest common divisor of 624 and 11772?
12
What is the greatest common divisor of 7280 and 7462?
182
What is the greatest common factor of 247 and 15960?
19
Calculate the highest common factor of 240 and 3954.
6
What is the greatest common divisor of 87271 and 3987?
443
What is the highest common factor of 2332 and 3305027?
583
What is the greatest common factor of 169548 and 18?
6
Calculate the highest common factor of 1725331 and 3964.
991
What is the greatest common factor of 291910 and 20?
10
What is the greatest common divisor of 5974 and 4234?
58
Calculate the greatest common factor of 2090 and 186637.
209
Calculate the highest common divisor of 1100 and 4474.
2
What is the highest common divisor of 147 and 76188?
21
What is the greatest common factor of 5 and 16895?
5
Calculate the greatest common factor of 149225 and 22325.
1175
What is the greatest common divisor of 4 and 555406?
2
Calculate the highest common factor of 1918 and 850085.
137
What is the highest common divisor of 1160 and 12360?
40
Calculate the highest common factor of 72 and 25.
1
Calculate the highest common divisor of 315 and 650895.
105
What is the highest common factor of 1312 and 1353?
41
What is the highest common divisor of 25 and 326435?
5
Calculate the highest common factor of 360711 and 117.
117
What is the greatest common divisor of 41683 and 502480?
571
Calculate the highest common factor of 253 and 4433.
11
Calculate the greatest common factor of 478956 and 19598.
478
Calculate the greatest common divisor of 116 and 23258.
58
What is the highest common factor of 6496 and 3799?
29
What is the greatest common divisor of 192 and 12930?
6
Calculate the greatest common divisor of 2807 and 11207.
7
What is the highest common factor of 62777 and 1287?
143
What is the highest common divisor of 7 and 29442?
7
Calculate the highest common factor of 42684 and 60.
12
Calculate the greatest common factor of 257742 and 324.
162
What is the greatest common factor of 1288 and 496972?
28
Calculate the greatest common divisor of 1665011 and 386.
193
What is the greatest common divisor of 305 and 1688785?
305
What is the highest common factor of 3025385 and 1474?
737
Calculate the highest common factor of 3384 and 108664.
376
Calculate the greatest common divisor of 26081 and 55.
11
Calculate the greatest common divisor of 584076 and 24.
12
Calculate the highest common factor of 389087 and 1821.
607
What is the greatest common factor of 8799 and 45843?
21
What is the highest common 